 1) is divided by -23*(0 - (2 + -1)).
21
Let o(w) = w + 3. Let s be o(0). Suppose s*d - 5*d - 2 = 2*a, -5*a = -3*d + 37. Let h(c) = -c**2 - 7*c + 6. What is the remainder when h(-7) is divided by d?
2
Suppose -9*i + 129 = -6*i. What is the remainder when i is divided by 23?
20
Let b = 190 + -117. Suppose -5*q + l - 2*l + b = 0, 5*q - l - 67 = 0. What is the remainder when 27 is divided by q?
13
Let s = 0 + 5. Let l = 9 - s. What is the remainder when l is divided by 3?
1
Suppose 2*f + 3*a = 94, -3*f = -2*f + 3*a - 44. What is the remainder when f is divided by 13?
11
Let q(r) = r**3 - 2*r**2 - 4. Let m be q(3). Suppose -4*c - 1 - 1 = -d, 10 = -m*d. Let f = c - -14. Calculate the remainder when 37 is divided by f.
11
Let l = 41 - 24. What is the remainder when 48 is divided by l?
14
Suppose 0*t - 2*t = -4*n - 28, 4*n - 44 = -4*t. Suppose 0 = -t*f + 8*f + 36. What is the remainder when 35 is divided by f?
8
Let b = 14 - -22. Calculate the remainder when b is divided by 19.
17
Suppose -77 = -2*d + 3*s, -d = -3*s - 21 - 22. Calculate the remainder when 67 is divided by d.
33
Let i(w) = -97*w + 1. Let b(a) = a**2 - 8*a - 1. Let f be b(8). Let o be i(f). Suppose -137 = -5*t + o. Calculate the remainder when t is divided by 16.
15
Suppose 0 = 9*x - 2*x - 42. Calculate the remainder when 16 is divided by x.
4
Suppose 3*a + 5 = k + 13, 0 = -a - 4*k - 19. Let y = 17 + a. What is the remainder when y is divided by 10?
8
What is the remainder when 11 is divided by ((-8)/(-5))/(4/10)?
3
Suppose -5*s - 2*q + 49 = 2*q, -5*s = q - 46. Calculate the remainder when 14 is divided by s.
5
What is the remainder when 68 is divided by (-250)/(-14) + 160/(-56) + 3?
14
Let g be (-1568)/52 + 2/13. What is the remainder when 4/g - (-3342)/90 is divided by 10?
7
Suppose 2*q - 2*s = 3*s + 45, -25 = -q + 5*s. What is the remainder when 79 is divided by q?
19
Suppose 4*x = 34 + 94. Let w = -19 + 30. What is the remainder when x is divided by w?
10
Let y(c) = 35*c + 11. Let m(b) = -23*b - 7. Let h(t) = 8*m(t) + 5*y(t). Calculate the remainder when 23 is divided by h(-1).
7
Suppose p - 5*z = 24, -3*p - 2*z - 3*z + 172 = 0. What is the remainder when p is divided by 18?
13
Suppose 0*l + 4*l - 2*k - 46 = 0, 3*l = 5*k + 31. What is the remainder when l is divided by 7?
5
Let c be 21 - 1*(1 + -2). Let p = c - 9. Calculate the remainder when p is divided by 7.
6
Suppose 4*r = -5*c - 21, -3*c + 0*r - 7 = r. What is the remainder when 2 + 15 + (c - -3) is divided by 10?
9
Let v(n) = n**2 + 2*n + 1. Let p be v(6). Let l = p - 20. Calculate the remainder when l is divided by (3 - -1)*(-10)/(-4).
9
Let n(l) = 4*l**3 - l + 1. Let x be (-3)/((-24)/(-10) + -3). Suppose 3*y = x*y - 12. What is the remainder when y is divided by n(1)?
2
Let j = 10 + 3. What is the remainder when j is divided by 8?
5
Suppose 17 + 51 = 4*s. Let r = -7 + s. Calculate the remainder when r is divided by 6.
4
Suppose b = 5*b - 20. Suppose 0 = b*y - 30 + 5. Calculate the remainder when 18 is divided by y.
3
Let n(q) = 9*q. What is the remainder when 25 is divided by n(1)?
7
Let z = -29 - -43. Let k(f) = 4*f**3 - 4*f**2 + 3*f - 2. Let y be k(2). Suppose 6*l - y = l. Calculate the remainder when z is divided by l.
2
Suppose 2*i - 62 = -20. Let y(w) = 8*w**2 + 4*w + 2. What is the remainder when y(-3) is divided by i?
20
Suppose 4*v = 0, -z + 115 = 4*z + 5*v. Let u be (-1 - -1)/(-4 - -6). Let j = u - -8. What is the remainder when z is divided by j?
7
Suppose 0 = 15*x - 9*x - 90. What is the remainder when -2 + -2 + 2 + 28 is divided by x?
11
Suppose 5*v - 2*j = 2*j + 42, v = j + 9. What is the remainder when v is divided by (1 + -5)/(-2 - (9 - 9))?
0
Suppose 2*w - 25 = -b + 35, 79 = 3*w - 4*b. What is the remainder when w is divided by 15?
14
Suppose 0 = 2*u - 4 - 2. Suppose 0 = -u*o + q + 29, -11 - 14 = 5*q. What is the remainder when o is divided by 3?
2
Let l = 7 + -12. Let k = l + 7. Let q(t) = 2*t - 5. What is the remainder when q(4) is divided by k?
1
Let m(n) = -n**2 + 4*n + 1. Let v(k) = -k - 1. Let l be v(3). Let z = l + 7. Calculate the remainder when m(z) is divided by 3.
1
Suppose 0 = 6*w - w - 80. What is the remainder when w is divided by 9?
7
Let x(f) = f - 13. Let o be x(0). What is the remainder when o/((1 - -2)/(-12)) is divided by 18?
16
Suppose -2*d + 7*d = 0. Let a = d + 3. Suppose 0 = -4*i + a*i + 19. What is the remainder when i is divided by 10?
9
Calculate the remainder when 26 is divided by (-5)/(20/(-14))*(6 - 2).
12
Let t = -34 - -51. Calculate the remainder when t is divided by (40/2)/2 - 1.
8
Let j(x) = -x**3 + 5*x**2 + 9*x - 9. What is the remainder when j(6) is divided by 4?
1
Let p(y) = 9*y - 1. Let h(a) = -10*a + 1. Let l(x) = 2*h(x) + 3*p(x). Let m be l(-1). Let c = m + 14. Calculate the remainder when 10 is divided by c.
4
Suppose 4*v - 273 = -81. Let c be (-52)/5 + 4/10. Let j = c + v. What is the remainder when j is divided by 13?
12
Let i(p) = -p**3 - 3*p**2 + 6*p - 5. Let q be i(-5). Suppose 0 = 3*h - 81 + q. Calculate the remainder when h is divided by 6.
4
Let y = -14 + 15. Calculate the remainder when 3 is divided by y.
0
Let k(i) be the first derivative of i**4/4 - 5*i**3/3 + i**2/2 - 2*i + 1. Let p(x) = -x + 11. Let o be p(6). Calculate the remainder when 8 is divided by k(o).
2
Suppose -k - 4 = -22. Calculate the remainder when 52 is divided by k.
16
Calculate the remainder when (-1)/((3/(-24))/(63/12)) is divided by 15.
12
Let c(t) = 2*t**2 + 3*t**3 + 14*t - 15*t - 3*t**2. What is the remainder when 34 is divided by c(2)?
16
Let r be (5*-1)/((-2)/6). Suppose 2*t + 4*p + 0 = 14, 5*t - 4*p - 63 = 0. Calculate the remainder when 312/10 - 3/r is divided by t.
9
Suppose 8 = 4*j, 0 = -5*k + 3*k - 5*j + 16. Suppose z + 5*x = 3, k*z + x = -2*x + 33. What is the remainder when z is divided by 8?
5
Let i(r) = r - 1. Let n be i(0). Let y = n + 8. Calculate the remainder when (-2)/y + 174/21 is divided by 5.
3
Let m(k) = -k**2 - 13*k - 9. Let n be m(-10). Let o = 52 - n. Let f(c) = 2*c**2 - 8*c + 6. What is the remainder when o is divided by f(5)?
15
Suppose 4*x - 1 = u, -4*u + x + 8 = -3*x. Suppose 5*t - 4*f + 2*f - 19 = 0, 3*t - u = -3*f. What is the remainder when t is divided by 6/(-9) - 8/(-3)?
1
Let r(t) = t**2 - t + 14. Let n be r(0). Suppose -c + n + 13 = -2*v, 2*c - 63 = v. What is the remainder when c is divided by 18?
15
Let z = -19 - -33. Calculate the remainder when 34/(((-1)/(-2))/1) is divided by z.
12
Let d be (1/(-2))/((-2)/(-20)). Let a = d + 9. What is the remainder when 15 is divided by a?
3
Suppose 12 = -0*b + 4*b. Suppose b*v - 2*t - 113 = -6*t, 4*t = 3*v - 97. Calculate the remainder when v is divided by 12.
11
Let f(u) be the first derivative of -11*u**2/2 + 1. What is the remainder when f(-5) is divided by 19?
17
Suppose 0 = 2*k + 5*m - 247, -4*k + 421 + 66 = 3*m. Calculate the remainder when k is divided by 31.
28
Let z(l) = -13*l - 3. What is the remainder when 66 is divided by z(-2)?
20
Let k be 0*(0 - -2)/(-2). Let i(d) = d**2 - d. Let b be i(k). Suppose b = -2*r - 2*r + 36. What is the remainder when 25 is divided by r?
7
Suppose -5*y = -3*v - 147 + 37, -3*v = -15. What is the remainder when y is divided by 7?
4
Let m = -319 + 323. Let h(a) = -a**3 - 2*a**2 + 2*a + 3. Calculate the remainder when h(-3) is divided by m.
2
Let s(t) = -3*t - 10. Let q(m) = m + 2. Let p be q(-2). Let k be (-1)/(-1 - p)*-7. What is the remainder when 31 is divided by s(k)?
9
Suppose 18 = n - 82. Let r be (-2 + 18)/(-4) + 10. Suppose -h - n = -r*h. What is the remainder when h is divided by 11?
9
Suppose 0*m - 5*m - 43 = -2*l, 5*m - 5 = 0. Calculate the remainder when 42 is divided by l.
18
Let g = 330 + -33. Let m(f) = f**3 - f**2 - 2*f + 1. Calculate the remainder when g/12 + 1/4 is divided by m(3).
12
Let j = -2 + 27. Let n be (-2)/1 - (-35 - 1). Let v = n - 21. Calculate the remainder when j is divided by v.
12
Let c(t) = -3*t - 1. Let j be c(-3). Suppose 5*o - 115 = j*z - 3*z, -135 = -5*o + z. What is the remainder when o is divided by ((-10)/3 - 0)*-3?
8
Suppose 3*j - 77 = -w - 27, 3*j - 30 = 3*w. Suppose -5*d + 68 + 222 = 0. Suppose -5*i = -3*i - d. What is the remainder when i is divided by j?
14
Let r = 1 + 8. Suppose 3*h = 2*y - 82, 77 = 3*y - 2*h - 36. What i